the prime factors of a.
593
What are the prime factors of (204/(-36))/((-11)/19107)?
3, 17, 193
Suppose 7*t - 6*t - 55 = 0. Suppose -3*h = -5*k - 282, 4*k = 3*k + 2*h - t. What are the prime factors of 3/3*k/(-3)?
19
Let a(m) = -135*m - 77. Let l be a(-5). Suppose 7*w - 963 = l. What are the prime factors of w?
223
What are the prime factors of 6414/2*(10 + (-16 - -7))?
3, 1069
What are the prime factors of (-279)/(-1395) + (-408328)/(-10)?
3, 13, 349
Let p be (-1845)/(-4) - (-19)/(-76) - -1. Let s = -188 + p. List the prime factors of s.
2, 137
Let z = -529 + 1094. Let y = z - 115. What are the prime factors of y?
2, 3, 5
Let f be -4 + (0 - 208)/2. Suppose -18*v = -25*v - 364. Let m = v - f. List the prime factors of m.
2, 7
Suppose -48*h - 27*h + 2604600 = 0. List the prime factors of h.
2, 3, 1447
Let m(i) = -i**3 + 30*i**2 - 15*i + 166. List the prime factors of m(20).
2, 1933
Let d(l) = 6280*l**3 + 48*l**2 - 47*l - 2. What are the prime factors of d(1)?
3, 7, 13, 23
Suppose 165*i + 1057905 = 3559305. What are the prime factors of i?
2, 5, 379
Let q(p) = -261*p**3 + 8*p**2 + 25*p + 234. What are the prime factors of q(-6)?
2, 3, 4729
Let k(s) = 5*s**2 + 2*s - 2. Let j be k(1). Let l = 1 + 4. What are the prime factors of l - (5/j - 2)?
2, 3
Suppose -2*o - 82 = -3*h, -126 = 3*o + 4*h + 14. Let b be 18/(-4)*(0 + -22). Let d = o + b. List the prime factors of d.
5, 11
Let q = -56 - -57. Let f be (30 - -1) + (3 + 0 - q). Suppose 47 = 5*p - f. List the prime factors of p.
2
Suppose l - 6*l = 5*h + 7830, -3*l = -h + 4694. Let j = -484 - l. List the prime factors of j.
23, 47
Suppose -3*g + 13 - 31 = 0, 0 = -5*t + 3*g + 5408. What are the prime factors of t?
2, 7, 11
Let k(a) = a**3 + 5*a**2 + a - 6. Let z be k(-4). Suppose z*g - 1230 = 1032. List the prime factors of g.
13, 29
Suppose -16*t + 5*o + 18189 = -12*t, -4*t - 5*o = -18139. List the prime factors of t.
19, 239
Suppose 0 = -3*d - 9*l + 7*l + 45, 4*d - 64 = -4*l. Suppose d*a - 10*a = 1557. What are the prime factors of a?
3, 173
Suppose 270*u - 7851744 = -18*u. What are the prime factors of u?
137, 199
Let a(c) = -5*c + 3. Let y be a(5). Let k(p) = -5*p - 18. What are the prime factors of k(y)?
2, 23
Let i(z) = 28*z**2 - 6*z + 10458. List the prime factors of i(0).
2, 3, 7, 83
Let a = -21 - -57. Let y be ((-57)/(-38))/(((-3)/(-22))/(-3)). Let l = y + a. List the prime factors of l.
3
Suppose -311*t + 587*t = -279*t + 25241955. What are the prime factors of t?
45481
Let g = 28207 + -16833. What are the prime factors of g?
2, 11, 47
Let z = -96 - -105. Suppose z*n - 5*n = 1332. What are the prime factors of n?
3, 37
Let b(i) = i**3 + 18*i**2 - 20*i + 24. Suppose 7 = 2*g - 3*u, 0 = -5*g + u + 2*u + 22. Let f(k) = -3*k - 4. Let l be f(g). What are the prime factors of b(l)?
43
Suppose -2*g - 2*s = -4*s - 23532, 2*g - 23539 = -5*s. What are the prime factors of g?
7, 41
Let g(n) = -601*n**3 - 2*n**2 + 5*n + 1. What are the prime factors of g(-2)?
3, 1597
Let r be 22/3*(-5 - 21/(-6)). Let h = -3 - r. Suppose 3*n + 2*d - 34 = 0, -3*n - h*d = -4*d - 32. What are the prime factors of n?
2, 3
Let o = 94 + -49. Suppose -o = -6*d + 45. Suppose -12*m + 21 = -d. What are the prime factors of m?
3
Let s be 4 + -1 + -6 - -101. Suppose -15*n - 110 = -4*n. Let y = s + n. What are the prime factors of y?
2, 11
Let k(h) = -h**2 - 14*h + 92. Let b be k(-18). What are the prime factors of ((-27160)/350)/((-2)/b)?
2, 97
Suppose 5*f + 51*r - 53*r = 33943, -2*r + 27140 = 4*f. List the prime factors of f.
11, 617
Let d(l) = 249*l**3 - 2*l**2 - 6*l + 7. Let x be d(1). Suppose 496 = 2*z + 5*j, -5*j + j - x = -z. What are the prime factors of z?
2, 31
Let y be 16/6 + (-10)/(-30). Suppose 2*z = y*v - 3202, 3*v = v - z + 2123. List the prime factors of v.
2, 7, 19
Let s(x) = 2150*x**2 + 74*x + 139. List the prime factors of s(-2).
11, 71
Let k(d) = d**3 - 27*d**2 - 11*d. Let s be k(28). Let m = s + 220. List the prime factors of m.
2, 3, 29
Let a(f) = 45*f**2 - 7*f - 6. Let y be a(-1). Suppose -y = -2*r + 4*p, -4*r - 54 = -7*r + p. List the prime factors of r.
17
Suppose -55*u + 2130839 = 628899. What are the prime factors of u?
2, 6827
Suppose 13*f = -17*f + 31*f - 7757. What are the prime factors of f?
7757
Suppose -90*d - 87*d + 176*d + 7652 = 0. What are the prime factors of d?
2, 1913
Suppose 0 = 4*z - 5*f - 5, -2*z + 13 = 6*f - 5*f. What are the prime factors of (4/(-8))/(z/(-4383 + 3))?
2, 3, 73
Suppose 0 = 233*a - 227*a - 126. Suppose -6436 = -a*w + 2132. List the prime factors of w.
2, 3, 17
Suppose 6*n - 10*n - 24 = 0. Let c(b) = b**3 + 4*b**2 - 14*b - 8. Let r be c(n). Suppose -415 = -r*z - z. What are the prime factors of z?
83
Suppose -5 = -3*t + 4. Suppose -5*p + 2487 = -j - 3*j, -2*p - t*j = -981. List the prime factors of ((-12)/(-10))/(6/p).
3, 11
What are the prime factors of 77776/18 + -2 - 4/(-36)?
7, 617
Suppose -2*n = -5*h - 8721, 3926 = 4*n + 2*h - 13552. List the prime factors of n.
2, 3, 7, 13
What are the prime factors of 1821664/522 + 2/9?
2, 5, 349
Let x = 53 + -43. What are the prime factors of 5/(x/(-4)) + (-3730)/(-10)?
7, 53
Let o(m) = m**2 + 4*m + 8. Let l be o(0). Suppose -v = -5*v + l. List the prime factors of 808/16 + 1/v.
3, 17
Let y be -3*(-15)/9 + 29. Suppose -3*u + y = -41. What are the prime factors of u?
5
Let h(a) be the third derivative of 11*a**4/12 - 7*a**3/3 + a**2. Suppose 157 = -87*t + 505. List the prime factors of h(t).
2, 37
Let k(m) = -29*m + 3. Let o be k(-7). Suppose -7*s + 3*s = 3*i - 119, 5*i = s + o. Let u = 48 - i. List the prime factors of u.
7
What are the prime factors of 0 - (-128130)/(19 + -14)?
2, 3, 4271
Suppose 10*m = -8*m + 19134. Suppose h - 4*t = m, 0*h - 3*h + 2*t + 3139 = 0. What are the prime factors of h?
7, 149
What are the prime factors of (1/(-2)*1)/(1/(-19210)) + -4?
9601
Let m(d) = -12*d**2 - 4*d + 1. Let n be m(0). List the prime factors of (n + -1507)/(1/((-4)/4)).
2, 3, 251
Let z(p) = 564*p - 513. List the prime factors of z(7).
3, 5, 229
Suppose -6*d + 18 = -6. Suppose -d*h + 3*c + 9 = 0, -2*c + 1 - 7 = 4*h. Suppose h = -4*l + 2*q + 208, -4*l + 28 = 2*q - 164. List the prime factors of l.
2, 5
List the prime factors of (15 - (21 - 6)) + 1490/2 - 3.
2, 7, 53
Suppose 3*n - 34458 = 2*s, 105*n - 109*n + 45948 = -4*s. What are the prime factors of n?
2, 3, 11, 29
Suppose 48*c - 51*c = 4*z - 111495, 4*z = c - 37213. List the prime factors of c.
7, 47, 113
Suppose 7*r - 2*r - 22 = -b, 0 = -2*r + 5*b - 2. Suppose -r*v - 74 - 334 = 0. Let d = 188 + v. List the prime factors of d.
2, 43
Let l(r) = 7*r + 75. Let g be l(-10). Suppose -10*a = -g*a - 650. What are the prime factors of a?
2, 5, 13
Suppose -24*b - 34*b = 39*b - 260639. What are the prime factors of b?
2687
Let v be 8/(-6)*(-9)/(-6) + 8. List the prime factors of -1*((-3094)/v - (-2)/3).
5, 103
Let k be (-6 - -4)/(2/(-3)). Suppose -k - 6 = -3*g. Suppose -3 = -3*s + g, 5*w = -4*s + 733. List the prime factors of w.
5, 29
Let d = 2206 - -2256. What are the prime factors of d?
2, 23, 97
Let l(w) = 35*w**2 - 39*w + 1517. List the prime factors of l(-42).
5, 12979
Let l(c) = 2*c + 2. Let g be l(7). Suppose 2*j - 348 + g = 3*s, 0 = -5*s. List the prime factors of j.
2, 83
Let v be (-81)/(-3) + 0 + (5 - 2). Suppose -v*c + 17020 = -7*c. What are the prime factors of c?
2, 5, 37
What are the prime factors of 829/((2 + 10)/144)?
2, 3, 829
Let j = 95 + -140. Let n = j + 585. List the prime factors of n.
2, 3, 5
Let a be (-208)/39*(465/2)/(-5). Let s = a + 27. List the prime factors of s.
5, 11
Suppose 16*r + 23*r = 171561. Suppose 4*k + 2*n = -k + r, 3*n = -k + 885. List the prime factors of k.
3, 293
Let n(m) = -84*m**2 - m - 3. Let i be n(-1). Let v = i + 228. List the prime factors of v.
2, 71
Let d = -411 - -802. Let a = -279 + d. Suppose -2*x = 5*x - a. List the prime factors of x.
2
Suppose z - 51 = 2*r, -9*z - 2*r = -5*z - 254. Let d = z + 450. List the prime factors of d.
7, 73
Let h(g) = -1794*g**3 - 5*g - 7. List the prime factors of h(-2).
3, 5, 11, 29
Suppose 22*y - 1167807 - 53215 = 0. List the prime factors of y.
55501
Suppose -4*k = 26 - 30. List the prime factors of (-73017)/(-63) + (k - 14/2).
1153
Suppose 21*n - 493573 = -9*n + 768227. List the prime factors of n.
2, 3, 5, 